- 4. Let a be m(o). Determine q(a).
-3
Let x(c) = -c. Let r = 8 - 5. Determine x(r).
-3
Let b(c) = 9*c**3 - 2*c**2 + 7*c - 8. Let y(x) = -x**3 + x**2 - x + 1. Let a(t) = -b(t) - 6*y(t). Determine a(-2).
12
Let n = -15 - -19. Let w(x) = -x + 3. Give w(n).
-1
Let h(k) = 1 + 0*k**2 + 2 - 1 + 5*k - k**2. Give h(5).
2
Let a(h) be the third derivative of h**4/8 + 19*h**2. Calculate a(-1).
-3
Suppose 0 = 11*f - 15*f + 12. Let w(i) be the third derivative of 0*i - 2*i**2 + 0 + 1/24*i**4 + 1/6*i**f. Give w(-3).
-2
Let h(g) = g. Let r = 7 + -4. Suppose -r*t + 2*u + 5 = -2, 3*u = -4*t + 15. Let z be h(t). Let x(k) = k - 2. Calculate x(z).
1
Let j(z) = z**3 + 8*z**2 + 6*z - 5. Let x be j(-7). Let a(q) = 3*q - 4*q**x - 3 + 2*q**2 + q. Let t be (-3)/(((-42)/4)/7). What is a(t)?
-3
Let t(m) = 8*m**2 + 26*m + 6. Let n(c) = -3*c**2 - 9*c - 2. Let r(g) = 11*n(g) + 4*t(g). Let f = -54 - -58. Calculate r(f).
6
Let k(p) = -p - 6. Let u be k(-3). Let o(n) = n + 4*n**2 - 24 + 25 + 23*n**3 - 22*n**3. Give o(u).
7
Let m be (1 - 0)*-1 + 9. Suppose 2*s = s + 2. Let w(p) = -m*p**3 + 0*p**3 + 1 - s. Give w(-1).
7
Let q(a) = 1 - 5 + 3*a - a. Suppose -6*c = -c - 25. Give q(c).
6
Let f(p) be the first derivative of -p**4/4 - 2*p**3 + 7*p**2/2 + 6*p + 23. Determine f(-7).
6
Let r be 0 + 0/(-1) + 2. Let j(k) = k - 4. Let m(d) = -1. Let v(u) = -2*j(u) + 7*m(u). What is v(r)?
-3
Let p(o) = 2*o + 4*o - 4 - 8*o. Suppose 0 = -7*j + 2*j + 20. Calculate p(j).
-12
Let r(o) = -o**3 - 5*o**2 + 6*o - 1. Suppose 0 = -5*f + 12 - 42. Let y be r(f). Let v(w) = -8*w**3 - w**2 - w. Give v(y).
8
Let s(g) = -g**3 + 5*g**2 + 7*g - 8. Let j be (4/8)/(3/36). Calculate s(j).
-2
Let d(n) = n**2 - 6*n - 5. Let i be -5*(-2 + -7)/(-3). Let s = -9 - i. Determine d(s).
-5
Let s = -3 + 6. Let j(i) = -7 + i**s + 4*i - 4*i**2 + 7*i**2 + 3*i**2 + 1. Let f = 8 + -13. What is j(f)?
-1
Let o(n) be the first derivative of 4*n + 1/3*n**3 + 1/2*n**2 - 3. What is o(0)?
4
Let r(s) = -s**2 - s + 2. Let b(j) = j - 5. Let y be b(-4). Let o be (-6)/27 + 16/y. Calculate r(o).
0
Let k(y) = -7*y + 3. Let b(z) = z. Let j(v) = 5*b(v) + k(v). Let i be 1 - (2 - (-4 - -9)). Give j(i).
-5
Let n(a) = -5 - 4*a**2 - 7*a + a**3 + 15*a + 4 - 7*a. What is n(3)?
-7
Suppose -106 = -3*f - 97. Let q(x) = x - 2. What is q(f)?
1
Let a(z) = z - 2. Let c(x) = -3*x + 5. Let b(u) = -8*a(u) - 3*c(u). Give b(0).
1
Let u be -2 + 1 + 2 - -4. Suppose -q = -u*g - 26, 2*g - 8 = 5*q - 0*q. Let m(w) = -w**3 - 5*w**2 + 5*w - 6. What is m(g)?
0
Let u(z) = 3*z**2 - z + 13*z - 13*z. Suppose 0 = -k + 4, c + k = -3*k + 15. Determine u(c).
4
Let w(h) = h - 1. Let m = -22 - -19. Suppose 4 = -g + 2*z - 5, -z + 5 = -g. Let s = m + g. Calculate w(s).
-5
Let f(w) be the first derivative of -w**2 + w - 4. Suppose -3*l + 0*l = 6. Let h = -3 - l. What is f(h)?
3
Let s(r) = -r + 8. Let b be s(4). Let p = -4 - -4. Suppose p = -g + b*g. Let l(v) = v**3 + v + 7. What is l(g)?
7
Let o(g) be the third derivative of -g**4/24 + g**2. Let y(i) = -20*i + 13*i - 1 + 2 - i**2 + 17*i. Let p(f) = -6*o(f) - y(f). Determine p(4).
-1
Suppose 42 = 3*q + 5*n, 0 = 3*q + 3*n - 56 + 14. Let x = 17 - q. Let z(o) = -o**2 - o + 1. Give z(x).
-11
Let s(d) = 18*d + 35. Let w be s(-2). Let o(y) = y**2 - 3*y - 2. Let h be o(4). Let c(v) = -7*v**2 + 0*v**h - v**2. Calculate c(w).
-8
Let r(s) = s**2 + s - 2. Suppose 3*m - 3 = -j, -3*j + m = -j + 1. Give r(j).
-2
Let s(n) = -9*n**2 - 9*n - 21. Let k(t) = 5*t**2 + 5*t + 11. Let z(b) = -11*k(b) - 6*s(b). Calculate z(4).
-15
Let n(z) = z**2 + 7*z + 1. Let y(a) = -a - 1. Let g(o) = n(o) + 6*y(o). Let t = -18 + 20. Suppose t*k = -3*k. Give g(k).
-5
Let y(p) be the first derivative of -1/2*p**2 - 7/3*p**3 + 0*p - 2. Determine y(1).
-8
Let h be 50/15 - 1/3. Let x(b) = -b**3 + 4*b**2 - 4*b + 4. Give x(h).
1
Let w = -41 + 37. Let n(d) = -d**3 - 5*d**2 - 2*d + 5. What is n(w)?
-3
Let p(s) = 1 + 10*s - s**2 - 4*s - 3 - 8*s. Determine p(-3).
-5
Let i(a) = -4*a**2 + 0*a - 3*a**3 + 4*a**3 + 0*a**3 - a. Give i(4).
-4
Let t(i) be the second derivative of 1/20*i**5 - 5/2*i**2 + 1/6*i**3 - 5/12*i**4 - 3*i + 0. Suppose -2*k - 6 = -5*s + 4, s - 14 = -2*k. What is t(k)?
0
Let p be ((-3)/2)/(1/2). Let o(r) = -5 - 5 + 18 - r - 10. Give o(p).
1
Let v(j) be the second derivative of -j**2 + 1/6*j**3 + 0 - j. Determine v(4).
2
Let h = 19 - 22. Let o(g) = 4*g + 3. Calculate o(h).
-9
Let w(x) = x**2 + x + 6. Suppose 2*h + h + 4*t + 17 = 0, 0 = -5*t + 5. Let k = 7 + h. Calculate w(k).
6
Let a(c) = -9 + 0*c**3 + 0*c**3 + c**3 + 6*c - 10*c**2 + 3*c**2. What is a(6)?
-9
Let y(b) be the second derivative of 3*b + 5/12*b**4 + 0 - 1/2*b**2 - 1/3*b**3. Suppose -4*w + 0 = 4. Give y(w).
6
Let z(y) be the second derivative of -y**5/20 - y**4/3 - y**3/6 + 3*y**2/2 + 7*y. Calculate z(-3).
-3
Let x = -2 + 4. Let g(c) be the third derivative of c**5/60 - c**4/12 + 20*c**2. Give g(x).
0
Let z(n) be the third derivative of -n**5/60 - n**4/12 + n**3/2 + 5*n**2. Suppose -2*t = -6*t - 16. Calculate z(t).
-5
Let g(v) be the third derivative of v**9/60480 + v**8/5040 + v**7/5040 - v**6/240 + v**5/60 - v**2. Let f(z) be the third derivative of g(z). What is f(-3)?
3
Let u(p) = p**3 - 14*p**2 + 13*p - 4. Let t(o) = -o**3 + 14*o**2 - 13*o + 5. Let z(a) = -4*t(a) - 5*u(a). Determine z(13).
0
Let h(f) = -f**2 - 5*f + 8. Let r(t) = -t**2 + 3*t - 3. Let k be r(4). Calculate h(k).
-6
Let l(d) be the third derivative of -d**6/120 + d**5/15 - d**4/24 - d**3/3 - 3*d**2. Give l(2).
4
Let f = -65 - -70. Let j(i) = -i**2 + 9*i + 1. Calculate j(f).
21
Let x(w) = 3*w**3 - 3*w**2. Let j(q) = 4*q**3 - 4*q**2 - q - 1. Suppose 3*i - 9 = 3*d, -d - 1 = -4*i - 4. Let v(m) = i*j(m) + 3*x(m). What is v(-2)?
-14
Let h = 2 - -2. Suppose -f - i = h, 0*f = 4*f - 4*i - 16. Let v(o) = f + o - 5*o**2 + 6*o**3 + 4*o**2 + 1. Give v(-1).
-7
Suppose -7*b + 2*b + 15 = 0. Let k(m) = -4*m + 7. Let x(r) = 5*r - 7. Let y(t) = b*x(t) + 4*k(t). Calculate y(0).
7
Let m(i) be the third derivative of -i**4/12 - 2*i**3/3 + 3*i**2. Let a(g) = 2*g + 5. Let j(w) = -3*a(w) - 2*m(w). Suppose 2*y = -14 + 2. Determine j(y).
5
Let b(f) be the second derivative of f**6/360 - f**5/120 - f**4/6 + 3*f. Let i(g) be the third derivative of b(g). Let c be (1 - 3/2)*-4. Calculate i(c).
3
Let y(h) = -25*h - 2. Let l(n) = 39*n + 2. Let p(s) = 19*s + 1. Let z(a) = -6*l(a) + 13*p(a). Let m(u) = -3*y(u) - 5*z(u). Give m(-1).
-9
Suppose 0 = -g + 5*b - 22, 0*g - g + 2*b = 13. Let t(x) = x**3 + 7*x**2 - x - 5. Calculate t(g).
2
Let a(q) = q**3 - 3*q**2 - 4*q - 3. Let u(m) = -m**2 - 9*m - 4. Let b be 20 - -1 - (-5 + 5). Suppose -3 - b = 3*g. Let w be u(g). What is a(w)?
-3
Let v be (-6)/4*(-44)/6. Let h = 5 - v. Let f(g) = -2*g**2 + 3*g**2 - 1 + 2*g + 5*g. Calculate f(h).
-7
Let q(r) = -2*r**2 - 4*r + 5. Let t = -20 - -22. Let l(p) = -4*p**2 - 7*p + 9. Let d(w) = t*l(w) - 5*q(w). Give d(-5).
13
Let z(y) be the second derivative of -y**6/360 - y**5/120 + 7*y**4/24 + y**3/2 + 3*y. Let h(r) be the second derivative of z(r). Give h(0).
7
Let m(k) = 6*k - 2. Let s(r) = r. Let p(z) = m(z) - 5*s(z). Let n(d) = -d**2 - 12*d - 7. Let a be n(-11). Calculate p(a).
2
Let d be ((-2)/3)/((-1)/6). Let c = 11 - 7. Suppose q - c = 4*n, -2*q - d*n + 20 = 3*q. Let k(b) = b**3 - 5*b**2 + 3*b + 3. What is k(q)?
-1
Let f = -28 - -25. Let d(n) = 2*n**2 - n - 4. What is d(f)?
17
Let s(y) = 2*y**2 + 3*y - 3. Let u = 3 - 6. Determine s(u).
6
Let x(d) = 11*d**2 - 2*d + 1. Suppose 2*b - 2 = 3*s, -5*b - s + 9 = 4. Give x(b).
10
Let d(k) = -k**3 + 4*k**2 + 4*k + 2. Let r(t) = -t**3 + 2*t**2 + 5*t - 5. Let n be r(2). Give d(n).
-3
Let w(i) = 16 + 4*i**2 + 2*i**2 - 21 - 7*i**2 + 4*i. Determine w(4).
-5
Let p(s) = -4*s - 3. Let z be p(-2). Let x(m) = 3*m + 8. Let q(t) = -4 + 4*t - 5*t - t. Let f(k) = 5*q(k) + 3*x(k). Give f(z).
-1
Let l(t) be the second derivative of t**3/6 - t**2/2 - t. Suppose 2*j + 0 = -6. Give l(j).
-4
Suppose -2 = t - 4. Let m(i) = 2 + t*i - 1 + 5*i**2 - 6*i**2 + i. Calculate m(3).
1
Let n(x) = -1. Let t(w) = -13 - 3*w + 4*w - 2*w. Let q(y) = -5*n(y) + t(y). Calculate q(0).
-8
Let m(l) be the first derivative of 3*l**2/2 + l + 2. Let r be m(1). Let i(q) = 11 - 3*q - r - q**2 - 2*q. What is i(-5)?
7
Let f(b) = 12*b. Let v be f(2). Suppose -4 = 5*h - v. Let g(k) = 3*k**2 + 0 - 1